{"id":106,"date":"2018-01-07T10:43:53","date_gmt":"2018-01-07T09:43:53","guid":{"rendered":"http:\/\/www.cgtcd06.fr\/?page_id=106"},"modified":"2023-01-24T13:51:24","modified_gmt":"2023-01-24T12:51:24","slug":"commission-administrative-paritaire","status":"publish","type":"page","link":"http:\/\/www.cgtcd06.fr\/?page_id=106","title":{"rendered":"Commission Administrative Paritaire"},"content":{"rendered":"<div class=\"wpb-content-wrapper\"><p>[vc_row gap=\u00a0\u00bb5&Prime; content_placement=\u00a0\u00bbmiddle\u00a0\u00bb][vc_column][vc_tta_tour style=\u00a0\u00bbflat\u00a0\u00bb color=\u00a0\u00bbjuicy-pink\u00a0\u00bb gap=\u00a0\u00bb4&Prime; active_section=\u00a0\u00bb1&Prime; css_animation=\u00a0\u00bbbounceInRight\u00a0\u00bb][vc_tta_section i_type=\u00a0\u00bbtypicons\u00a0\u00bb i_icon_typicons=\u00a0\u00bbtypcn typcn-star-outline\u00a0\u00bb add_icon=\u00a0\u00bbtrue\u00a0\u00bb title=\u00a0\u00bbCat\u00e9gorie A\u00a0\u00bb tab_id=\u00a0\u00bb1527838859505-7c59a5b9-26f8&Prime;][vc_column_text css_animation=\u00a0\u00bbzoomInRight\u00a0\u00bb]<span style=\"font-weight: 400;\"><em>Titulaire :<\/em> <strong>BRACQ<\/strong> J\u00e9rome<\/span><\/p>\n<p><i>Titulaire : <strong>RASSE<\/strong> Pascale<\/i><\/p>\n<p><em>Suppl\u00e9ante<\/em> :<strong> VERRANDO<\/strong> Catherine<\/p>\n<p>Suppl\u00e9ante : <strong>AICARDI<\/strong> Val\u00e9rie[\/vc_column_text][\/vc_tta_section][vc_tta_section i_type=\u00a0\u00bbtypicons\u00a0\u00bb i_icon_typicons=\u00a0\u00bbtypcn typcn-star-half-outline\u00a0\u00bb add_icon=\u00a0\u00bbtrue\u00a0\u00bb title=\u00a0\u00bbCat\u00e9gorie B\u00a0\u00bb tab_id=\u00a0\u00bb1527838859505-73650946-b433&Prime;][vc_column_text css_animation=\u00a0\u00bbrollIn\u00a0\u00bb]<span style=\"font-weight: 400;\"><em>Titulaire :<\/em> <\/span><span style=\"font-weight: 400;\"><b>TORRE Audrey<\/b><\/span><\/p>\n<p><span style=\"font-weight: 400;\"><em>Suppl\u00e9ante :<\/em> <strong>PELLEGRINO <\/strong>Karine<\/span>[\/vc_column_text][\/vc_tta_section][vc_tta_section i_type=\u00a0\u00bbtypicons\u00a0\u00bb i_icon_typicons=\u00a0\u00bbtypcn typcn-star-full-outline\u00a0\u00bb add_icon=\u00a0\u00bbtrue\u00a0\u00bb title=\u00a0\u00bbCat\u00e9gorie C\u00a0\u00bb tab_id=\u00a0\u00bb1527839287984-9e696cbd-3fd4&Prime;][vc_column_text css_animation=\u00a0\u00bbrollIn\u00a0\u00bb]<span style=\"font-weight: 400;\"><em>Titulaire :<\/em> <strong>TRIPODI<\/strong> Thierry<\/span><\/p>\n<p><span style=\"font-weight: 400;\"><em>Titulaire :<\/em> <strong>LANGLOIS <\/strong>Karen<\/span><\/p>\n<p><span style=\"font-weight: 400;\"><em>Suppl\u00e9ant :<\/em> <\/span><span style=\"font-weight: 400;\"><b>CABOUFIGUE <\/b>Laurent<\/span><\/p>\n<p><span style=\"font-weight: 400;\"><em>Suppl\u00e9ant :<\/em> <\/span><span style=\"font-weight: 400;\"><b>ZARA <\/b>Eric<\/span>[\/vc_column_text][\/vc_tta_section][\/vc_tta_tour][\/vc_column][\/vc_row][vc_row][vc_column][vc_single_image image=\u00a0\u00bb712&Prime; img_size=\u00a0\u00bbfull\u00a0\u00bb alignment=\u00a0\u00bbcenter\u00a0\u00bb style=\u00a0\u00bbvc_box_rounded\u00a0\u00bb][\/vc_column][\/vc_row]<\/p>\n<\/div>","protected":false},"excerpt":{"rendered":"<p>[vc_row gap=\u00a0\u00bb5&Prime; content_placement=\u00a0\u00bbmiddle\u00a0\u00bb][vc_column][vc_tta_tour style=\u00a0\u00bbflat\u00a0\u00bb color=\u00a0\u00bbjuicy-pink\u00a0\u00bb gap=\u00a0\u00bb4&Prime; active_section=\u00a0\u00bb1&Prime; css_animation=\u00a0\u00bbbounceInRight\u00a0\u00bb][vc_tta_section i_type=\u00a0\u00bbtypicons\u00a0\u00bb i_icon_typicons=\u00a0\u00bbtypcn typcn-star-outline\u00a0\u00bb add_icon=\u00a0\u00bbtrue\u00a0\u00bb title=\u00a0\u00bbCat\u00e9gorie A\u00a0\u00bb tab_id=\u00a0\u00bb1527838859505-7c59a5b9-26f8&Prime;][vc_column_text css_animation=\u00a0\u00bbzoomInRight\u00a0\u00bb]Titulaire : BRACQ J\u00e9rome Titulaire : RASSE Pascale Suppl\u00e9ante : VERRANDO Catherine Suppl\u00e9ante : AICARDI Val\u00e9rie[\/vc_column_text][\/vc_tta_section][vc_tta_section i_type=\u00a0\u00bbtypicons\u00a0\u00bb i_icon_typicons=\u00a0\u00bbtypcn typcn-star-half-outline\u00a0\u00bb add_icon=\u00a0\u00bbtrue\u00a0\u00bb title=\u00a0\u00bbCat\u00e9gorie B\u00a0\u00bb tab_id=\u00a0\u00bb1527838859505-73650946-b433&Prime;][vc_column_text css_animation=\u00a0\u00bbrollIn\u00a0\u00bb]Titulaire : TORRE Audrey Suppl\u00e9ante : PELLEGRINO Karine[\/vc_column_text][\/vc_tta_section][vc_tta_section i_type=\u00a0\u00bbtypicons\u00a0\u00bb i_icon_typicons=\u00a0\u00bbtypcn typcn-star-full-outline\u00a0\u00bb add_icon=\u00a0\u00bbtrue\u00a0\u00bb title=\u00a0\u00bbCat\u00e9gorie C\u00a0\u00bb tab_id=\u00a0\u00bb1527839287984-9e696cbd-3fd4&Prime;][vc_column_text css_animation=\u00a0\u00bbrollIn\u00a0\u00bb]Titulaire : <a class=\"more-link\" href=\"http:\/\/www.cgtcd06.fr\/?page_id=106\">Lire la suite &#8230;<\/a><\/p>\n","protected":false},"author":2,"featured_media":0,"parent":20,"menu_order":1,"comment_status":"closed","ping_status":"closed","template":"","meta":{"footnotes":""},"_links":{"self":[{"href":"http:\/\/www.cgtcd06.fr\/index.php?rest_route=\/wp\/v2\/pages\/106"}],"collection":[{"href":"http:\/\/www.cgtcd06.fr\/index.php?rest_route=\/wp\/v2\/pages"}],"about":[{"href":"http:\/\/www.cgtcd06.fr\/index.php?rest_route=\/wp\/v2\/types\/page"}],"author":[{"embeddable":true,"href":"http:\/\/www.cgtcd06.fr\/index.php?rest_route=\/wp\/v2\/users\/2"}],"replies":[{"embeddable":true,"href":"http:\/\/www.cgtcd06.fr\/index.php?rest_route=%2Fwp%2Fv2%2Fcomments&post=106"}],"version-history":[{"count":23,"href":"http:\/\/www.cgtcd06.fr\/index.php?rest_route=\/wp\/v2\/pages\/106\/revisions"}],"predecessor-version":[{"id":1364,"href":"http:\/\/www.cgtcd06.fr\/index.php?rest_route=\/wp\/v2\/pages\/106\/revisions\/1364"}],"up":[{"embeddable":true,"href":"http:\/\/www.cgtcd06.fr\/index.php?rest_route=\/wp\/v2\/pages\/20"}],"wp:attachment":[{"href":"http:\/\/www.cgtcd06.fr\/index.php?rest_route=%2Fwp%2Fv2%2Fmedia&parent=106"}],"curies":[{"name":"wp","href":"https:\/\/api.w.org\/{rel}","templated":true}]}}