{"id":1087,"date":"2019-05-01T19:55:16","date_gmt":"2019-05-01T17:55:16","guid":{"rendered":"http:\/\/www.cgtcd06.fr\/?page_id=1087"},"modified":"2019-05-01T20:08:35","modified_gmt":"2019-05-01T18:08:35","slug":"conges-et-autorisations-dabsence","status":"publish","type":"page","link":"https:\/\/www.cgtcd06.fr\/?page_id=1087","title":{"rendered":"Cong\u00e9s et autorisations d&rsquo;absence"},"content":{"rendered":"<div class=\"wpb-content-wrapper\"><p>[vc_row][vc_column][vc_column_text css_animation=\u00a0\u00bbfadeInRight\u00a0\u00bb]<\/p>\n<h4><span style=\"color: #ff0000;\">Consultez le document \u00e9dit\u00e9 par le Conseil d\u00e9partemental 06<\/span><br \/>\n<span style=\"color: #ff0000;\">concernant vos droits.<\/span><\/h4>\n<p>[\/vc_column_text][\/vc_column][\/vc_row][vc_row][vc_column][vc_btn title=\u00a0\u00bbT\u00e9l\u00e9charger le PDF\u00a0\u00bb color=\u00a0\u00bbdanger\u00a0\u00bb i_icon_fontawesome=\u00a0\u00bbfa fa-file-pdf-o\u00a0\u00bb css_animation=\u00a0\u00bbbounceInRight\u00a0\u00bb add_icon=\u00a0\u00bbtrue\u00a0\u00bb link=\u00a0\u00bburl:http%3A%2F%2Fwww.cgtcd06.fr%2Fwp-content%2Fuploads%2F2019%2F05%2FDRH_SOC_REGLEMENT-DES-CONGES-ANNUELS-ET-AUTORISATIONS-ABSENCE.pdf|||\u00a0\u00bb][\/vc_column][\/vc_row]<\/p>\n<\/div>","protected":false},"excerpt":{"rendered":"<p>[vc_row][vc_column][vc_column_text css_animation=\u00a0\u00bbfadeInRight\u00a0\u00bb] Consultez le document \u00e9dit\u00e9 par le Conseil d\u00e9partemental 06 concernant vos droits. [\/vc_column_text][\/vc_column][\/vc_row][vc_row][vc_column][vc_btn title=\u00a0\u00bbT\u00e9l\u00e9charger le PDF\u00a0\u00bb color=\u00a0\u00bbdanger\u00a0\u00bb i_icon_fontawesome=\u00a0\u00bbfa fa-file-pdf-o\u00a0\u00bb css_animation=\u00a0\u00bbbounceInRight\u00a0\u00bb add_icon=\u00a0\u00bbtrue\u00a0\u00bb link=\u00a0\u00bburl:http%3A%2F%2Fwww.cgtcd06.fr%2Fwp-content%2Fuploads%2F2019%2F05%2FDRH_SOC_REGLEMENT-DES-CONGES-ANNUELS-ET-AUTORISATIONS-ABSENCE.pdf|||\u00a0\u00bb][\/vc_column][\/vc_row]<\/p>\n","protected":false},"author":2,"featured_media":0,"parent":0,"menu_order":0,"comment_status":"closed","ping_status":"closed","template":"","meta":{"footnotes":""},"_links":{"self":[{"href":"https:\/\/www.cgtcd06.fr\/index.php?rest_route=\/wp\/v2\/pages\/1087"}],"collection":[{"href":"https:\/\/www.cgtcd06.fr\/index.php?rest_route=\/wp\/v2\/pages"}],"about":[{"href":"https:\/\/www.cgtcd06.fr\/index.php?rest_route=\/wp\/v2\/types\/page"}],"author":[{"embeddable":true,"href":"https:\/\/www.cgtcd06.fr\/index.php?rest_route=\/wp\/v2\/users\/2"}],"replies":[{"embeddable":true,"href":"https:\/\/www.cgtcd06.fr\/index.php?rest_route=%2Fwp%2Fv2%2Fcomments&post=1087"}],"version-history":[{"count":2,"href":"https:\/\/www.cgtcd06.fr\/index.php?rest_route=\/wp\/v2\/pages\/1087\/revisions"}],"predecessor-version":[{"id":1091,"href":"https:\/\/www.cgtcd06.fr\/index.php?rest_route=\/wp\/v2\/pages\/1087\/revisions\/1091"}],"wp:attachment":[{"href":"https:\/\/www.cgtcd06.fr\/index.php?rest_route=%2Fwp%2Fv2%2Fmedia&parent=1087"}],"curies":[{"name":"wp","href":"https:\/\/api.w.org\/{rel}","templated":true}]}}