{"id":1242,"date":"2022-01-31T09:23:36","date_gmt":"2022-01-31T08:23:36","guid":{"rendered":"http:\/\/www.cgtcd06.fr\/?page_id=1242"},"modified":"2022-01-31T09:49:47","modified_gmt":"2022-01-31T08:49:47","slug":"auxiliaires-de-puericulture-de-la-fonction-publique-territoriale","status":"publish","type":"page","link":"https:\/\/www.cgtcd06.fr\/?page_id=1242","title":{"rendered":"Auxiliaires de pu\u00e9riculture de la fonction publique territoriale"},"content":{"rendered":"<div class=\"wpb-content-wrapper\"><p>[vc_row][vc_column][vc_column_text]<strong>Modification du cadre d&#8217;emploi des auxiliaires de pu\u00e9riculture<br \/> de la fonction publique territoriale :<\/strong><\/p>\n<p>D\u00e9cret portant statut particulier du corps des aides-soignants et des auxiliaires de pu\u00e9riculture de la fonction publique hospitali\u00e8re.[\/vc_column_text][\/vc_column][\/vc_row][vc_row][vc_column][vc_column_text]Grille des \u00e9chelons : <a href=\"http:\/\/www.cgtcd06.fr\/wp-content\/uploads\/2022\/01\/20220125151745511.pdf\" target=\"_blank\" rel=\"noopener noreferrer\">T\u00e9l\u00e9charger le document<\/a><\/p>\n<p>D\u00e9crets, arr\u00eat\u00e9s et circulaires : <a href=\"http:\/\/www.cgtcd06.fr\/wp-content\/uploads\/2022\/01\/Aux-de-puer.pdf\" target=\"_blank\" rel=\"noopener noreferrer\">T\u00e9l\u00e9charger le document<\/a>[\/vc_column_text][\/vc_column][\/vc_row]<\/p>\n<\/div>","protected":false},"excerpt":{"rendered":"<p>[vc_row][vc_column][vc_column_text]Modification du cadre d&#8217;emploi des auxiliaires de pu\u00e9riculture de la fonction publique territoriale : D\u00e9cret portant statut particulier du corps des aides-soignants et des auxiliaires de pu\u00e9riculture de la fonction publique hospitali\u00e8re.[\/vc_column_text][\/vc_column][\/vc_row][vc_row][vc_column][vc_column_text]Grille des \u00e9chelons : T\u00e9l\u00e9charger le document D\u00e9crets, arr\u00eat\u00e9s et circulaires : T\u00e9l\u00e9charger le document[\/vc_column_text][\/vc_column][\/vc_row]<\/p>\n","protected":false},"author":2,"featured_media":1248,"parent":0,"menu_order":0,"comment_status":"closed","ping_status":"closed","template":"","meta":{"footnotes":""},"_links":{"self":[{"href":"https:\/\/www.cgtcd06.fr\/index.php?rest_route=\/wp\/v2\/pages\/1242"}],"collection":[{"href":"https:\/\/www.cgtcd06.fr\/index.php?rest_route=\/wp\/v2\/pages"}],"about":[{"href":"https:\/\/www.cgtcd06.fr\/index.php?rest_route=\/wp\/v2\/types\/page"}],"author":[{"embeddable":true,"href":"https:\/\/www.cgtcd06.fr\/index.php?rest_route=\/wp\/v2\/users\/2"}],"replies":[{"embeddable":true,"href":"https:\/\/www.cgtcd06.fr\/index.php?rest_route=%2Fwp%2Fv2%2Fcomments&post=1242"}],"version-history":[{"count":6,"href":"https:\/\/www.cgtcd06.fr\/index.php?rest_route=\/wp\/v2\/pages\/1242\/revisions"}],"predecessor-version":[{"id":1252,"href":"https:\/\/www.cgtcd06.fr\/index.php?rest_route=\/wp\/v2\/pages\/1242\/revisions\/1252"}],"wp:featuredmedia":[{"embeddable":true,"href":"https:\/\/www.cgtcd06.fr\/index.php?rest_route=\/wp\/v2\/media\/1248"}],"wp:attachment":[{"href":"https:\/\/www.cgtcd06.fr\/index.php?rest_route=%2Fwp%2Fv2%2Fmedia&parent=1242"}],"curies":[{"name":"wp","href":"https:\/\/api.w.org\/{rel}","templated":true}]}}

Auxiliaires de puériculture de la fonction publique territoriale

<div class="wpb-content-wrapper"><p>[vc_row][vc_column][vc_column_text]<strong>Modification du cadre d&#8217;emploi des auxiliaires de puériculture<br /> de la fonction publique territoriale :</strong></p>
<p>Décret portant statut particulier du corps des aides-soignants et des auxiliaires de puériculture de la fonction publique hospitalière.[/vc_column_text][/vc_column][/vc_row][vc_row][vc_column][vc_column_text]Grille des échelons : <a href="http://www.cgtcd06.fr/wp-content/uploads/2022/01/20220125151745511.pdf" target="_blank" rel="noopener noreferrer">Télécharger le document</a></p>
<p>Décrets, arrêtés et circulaires : <a href="http://www.cgtcd06.fr/wp-content/uploads/2022/01/Aux-de-puer.pdf" target="_blank" rel="noopener noreferrer">Télécharger le document</a>[/vc_column_text][/vc_column][/vc_row]</p>
</div>

<p>[vc_row][vc_column][vc_column_text]Modification du cadre d&#8217;emploi des auxiliaires de puériculture de la fonction publique territoriale : Décret portant statut particulier du corps des aides-soignants et des auxiliaires de puériculture de la fonction publique hospitalière.[/vc_column_text][/vc_column][/vc_row][vc_row][vc_column][vc_column_text]Grille des échelons : Télécharger le document Décrets, arrêtés et circulaires : Télécharger le document[/vc_column_text][/vc_column][/vc_row]</p>
