{"id":1342,"date":"2023-01-24T08:39:23","date_gmt":"2023-01-24T07:39:23","guid":{"rendered":"http:\/\/www.cgtcd06.fr\/?page_id=1342"},"modified":"2023-01-24T08:59:58","modified_gmt":"2023-01-24T07:59:58","slug":"retraite-a-64-ans-cest-non","status":"publish","type":"page","link":"https:\/\/www.cgtcd06.fr\/?page_id=1342","title":{"rendered":"Retraite \u00e0 64 ans, c&rsquo;est non !"},"content":{"rendered":"<div class=\"wpb-content-wrapper\"><p>[vc_row][vc_column][vc_column_text]<img decoding=\"async\" loading=\"lazy\" class=\"aligncenter wp-image-1356 size-full\" src=\"http:\/\/www.cgtcd06.fr\/wp-content\/uploads\/2023\/01\/bataille_retraite.jpg\" alt=\"\" width=\"300\" height=\"200\" \/><\/p>\n<p>La retraite \u00e0 64 ans, c&rsquo;est non !<\/p>\n<p>La bataille est engag\u00e9e, 60 c&rsquo;est possible. <a href=\"https:\/\/www.cgtservicespublics.fr\/vos-droits\/protection-sociale\/retraites\/reforme-des-retraites-2023\/\">Cliquez pour avoir plus d&rsquo;informations.<\/a><\/p>\n<p>Restons mobilis\u00e9s, cliquez pour signer la p\u00e9tition de l&rsquo;Intersyndicale RETRAITES : <a href=\"https:\/\/fra01.safelinks.protection.outlook.com\/?url=https%3A%2F%2Fwww.change.org%2Fp%2Fretraites-non-%25C3%25A0-cette-r%25C3%25A9forme-injuste-et-brutale-reformesdesretraites&amp;data=05%7C01%7Corsynd_cgt%40departement06.fr%7Cd7362f9735dc4b7bda9508dafb00bcf4%7C180627ee80c94bec95e681b5fecd81ff%7C0%7C0%7C638098277849493894%7CUnknown%7CTWFpbGZsb3d8eyJWIjoiMC4wLjAwMDAiLCJQIjoiV2luMzIiLCJBTiI6Ik1haWwiLCJXVCI6Mn0%3D%7C3000%7C%7C%7C&amp;sdata=n046EnbHNU2n3433WS7LWQtBvfwVg4fsBXWVeMl2pJ0%3D&amp;reserved=0\">Retraites, non \u00e0 cette r\u00e9forme injuste et brutale.<\/a><\/p>\n<p><img decoding=\"async\" loading=\"lazy\" class=\"alignleft wp-image-1345 size-full\" src=\"http:\/\/www.cgtcd06.fr\/wp-content\/uploads\/2023\/01\/mobilisonsnous.png\" alt=\"\" width=\"559\" height=\"262\" srcset=\"https:\/\/www.cgtcd06.fr\/wp-content\/uploads\/2023\/01\/mobilisonsnous.png 559w, https:\/\/www.cgtcd06.fr\/wp-content\/uploads\/2023\/01\/mobilisonsnous-300x141.png 300w\" sizes=\"(max-width: 559px) 100vw, 559px\" \/>[\/vc_column_text][\/vc_column][\/vc_row]<\/p>\n<\/div>","protected":false},"excerpt":{"rendered":"<p>[vc_row][vc_column][vc_column_text] La retraite \u00e0 64 ans, c&rsquo;est non ! La bataille est engag\u00e9e, 60 c&rsquo;est possible. Cliquez pour avoir plus d&rsquo;informations. Restons mobilis\u00e9s, cliquez pour signer la p\u00e9tition de l&rsquo;Intersyndicale RETRAITES : Retraites, non \u00e0 cette r\u00e9forme injuste et brutale. [\/vc_column_text][\/vc_column][\/vc_row]<\/p>\n","protected":false},"author":2,"featured_media":0,"parent":0,"menu_order":0,"comment_status":"closed","ping_status":"closed","template":"","meta":{"footnotes":""},"_links":{"self":[{"href":"https:\/\/www.cgtcd06.fr\/index.php?rest_route=\/wp\/v2\/pages\/1342"}],"collection":[{"href":"https:\/\/www.cgtcd06.fr\/index.php?rest_route=\/wp\/v2\/pages"}],"about":[{"href":"https:\/\/www.cgtcd06.fr\/index.php?rest_route=\/wp\/v2\/types\/page"}],"author":[{"embeddable":true,"href":"https:\/\/www.cgtcd06.fr\/index.php?rest_route=\/wp\/v2\/users\/2"}],"replies":[{"embeddable":true,"href":"https:\/\/www.cgtcd06.fr\/index.php?rest_route=%2Fwp%2Fv2%2Fcomments&post=1342"}],"version-history":[{"count":4,"href":"https:\/\/www.cgtcd06.fr\/index.php?rest_route=\/wp\/v2\/pages\/1342\/revisions"}],"predecessor-version":[{"id":1358,"href":"https:\/\/www.cgtcd06.fr\/index.php?rest_route=\/wp\/v2\/pages\/1342\/revisions\/1358"}],"wp:attachment":[{"href":"https:\/\/www.cgtcd06.fr\/index.php?rest_route=%2Fwp%2Fv2%2Fmedia&parent=1342"}],"curies":[{"name":"wp","href":"https:\/\/api.w.org\/{rel}","templated":true}]}}

Retraite à 64 ans, c&rsquo;est non !

<div class="wpb-content-wrapper"><p>[vc_row][vc_column][vc_column_text]<img decoding="async" loading="lazy" class="aligncenter wp-image-1356 size-full" src="http://www.cgtcd06.fr/wp-content/uploads/2023/01/bataille_retraite.jpg" alt="" width="300" height="200" /></p>
<p>La retraite à 64 ans, c&rsquo;est non !</p>
<p>La bataille est engagée, 60 c&rsquo;est possible. <a href="https://www.cgtservicespublics.fr/vos-droits/protection-sociale/retraites/reforme-des-retraites-2023/">Cliquez pour avoir plus d&rsquo;informations.</a></p>
<p>Restons mobilisés, cliquez pour signer la pétition de l&rsquo;Intersyndicale RETRAITES : <a href="https://fra01.safelinks.protection.outlook.com/?url=https%3A%2F%2Fwww.change.org%2Fp%2Fretraites-non-%25C3%25A0-cette-r%25C3%25A9forme-injuste-et-brutale-reformesdesretraites&amp;data=05%7C01%7Corsynd_cgt%40departement06.fr%7Cd7362f9735dc4b7bda9508dafb00bcf4%7C180627ee80c94bec95e681b5fecd81ff%7C0%7C0%7C638098277849493894%7CUnknown%7CTWFpbGZsb3d8eyJWIjoiMC4wLjAwMDAiLCJQIjoiV2luMzIiLCJBTiI6Ik1haWwiLCJXVCI6Mn0%3D%7C3000%7C%7C%7C&amp;sdata=n046EnbHNU2n3433WS7LWQtBvfwVg4fsBXWVeMl2pJ0%3D&amp;reserved=0">Retraites, non à cette réforme injuste et brutale.</a></p>
<p><img decoding="async" loading="lazy" class="alignleft wp-image-1345 size-full" src="http://www.cgtcd06.fr/wp-content/uploads/2023/01/mobilisonsnous.png" alt="" width="559" height="262" srcset="https://www.cgtcd06.fr/wp-content/uploads/2023/01/mobilisonsnous.png 559w, https://www.cgtcd06.fr/wp-content/uploads/2023/01/mobilisonsnous-300x141.png 300w" sizes="(max-width: 559px) 100vw, 559px" />[/vc_column_text][/vc_column][/vc_row]</p>
</div>

<p>[vc_row][vc_column][vc_column_text] La retraite à 64 ans, c&rsquo;est non ! La bataille est engagée, 60 c&rsquo;est possible. Cliquez pour avoir plus d&rsquo;informations. Restons mobilisés, cliquez pour signer la pétition de l&rsquo;Intersyndicale RETRAITES : Retraites, non à cette réforme injuste et brutale. [/vc_column_text][/vc_column][/vc_row]</p>
