{"id":262,"date":"2018-01-12T11:07:30","date_gmt":"2018-01-12T10:07:30","guid":{"rendered":"http:\/\/www.cgtcd06.fr\/?page_id=262"},"modified":"2023-01-24T09:13:36","modified_gmt":"2023-01-24T08:13:36","slug":"commision-de-reforme","status":"publish","type":"page","link":"https:\/\/www.cgtcd06.fr\/?page_id=262","title":{"rendered":"Commision de r\u00e9forme"},"content":{"rendered":"<div class=\"wpb-content-wrapper\"><p>[vc_row gap=\u00a0\u00bb5&Prime;][vc_column][vc_tta_tour style=\u00a0\u00bbflat\u00a0\u00bb spacing=\u00a0\u00bb10&Prime; active_section=\u00a0\u00bb1&Prime;][vc_tta_section i_type=\u00a0\u00bbtypicons\u00a0\u00bb i_icon_typicons=\u00a0\u00bbtypcn typcn-star-half-outline\u00a0\u00bb add_icon=\u00a0\u00bbtrue\u00a0\u00bb title=\u00a0\u00bbCat\u00e9gorie A\u00a0\u00bb tab_id=\u00a0\u00bb1527841722587-6c873636-c6d3&Prime;][vc_column_text css_animation=\u00a0\u00bbflipInX\u00a0\u00bb]<span style=\"font-weight: 400;\"><em>Titulaire :<\/em> <strong>AICARDI<\/strong> Val\u00e9rie<\/span><\/p>\n<p><span style=\"font-weight: 400;\"><em>Suppl\u00e9ant :<\/em> <strong>BRACQ <\/strong>J\u00e9r\u00f4me<\/span>[\/vc_column_text][\/vc_tta_section][vc_tta_section i_type=\u00a0\u00bbtypicons\u00a0\u00bb i_icon_typicons=\u00a0\u00bbtypcn typcn-star\u00a0\u00bb add_icon=\u00a0\u00bbtrue\u00a0\u00bb title=\u00a0\u00bbCat\u00e9gorie C\u00a0\u00bb tab_id=\u00a0\u00bb1527841722587-2dd3bba0-fe92&Prime;][vc_column_text css_animation=\u00a0\u00bbflipInX\u00a0\u00bb]<span style=\"font-weight: 400;\"><em>Titulaire :<\/em> <strong>TRIPODI<\/strong> Thierry<\/span><\/p>\n<p><span style=\"font-weight: 400;\"><em>Suppl\u00e9ante :<\/em> <strong>CUNTZ<\/strong> Karine<\/span>[\/vc_column_text][\/vc_tta_section][\/vc_tta_tour][\/vc_column][\/vc_row]<\/p>\n<\/div>","protected":false},"excerpt":{"rendered":"<p>[vc_row gap=\u00a0\u00bb5&Prime;][vc_column][vc_tta_tour style=\u00a0\u00bbflat\u00a0\u00bb spacing=\u00a0\u00bb10&Prime; active_section=\u00a0\u00bb1&Prime;][vc_tta_section i_type=\u00a0\u00bbtypicons\u00a0\u00bb i_icon_typicons=\u00a0\u00bbtypcn typcn-star-half-outline\u00a0\u00bb add_icon=\u00a0\u00bbtrue\u00a0\u00bb title=\u00a0\u00bbCat\u00e9gorie A\u00a0\u00bb tab_id=\u00a0\u00bb1527841722587-6c873636-c6d3&Prime;][vc_column_text css_animation=\u00a0\u00bbflipInX\u00a0\u00bb]Titulaire : AICARDI Val\u00e9rie Suppl\u00e9ant : BRACQ J\u00e9r\u00f4me[\/vc_column_text][\/vc_tta_section][vc_tta_section i_type=\u00a0\u00bbtypicons\u00a0\u00bb i_icon_typicons=\u00a0\u00bbtypcn typcn-star\u00a0\u00bb add_icon=\u00a0\u00bbtrue\u00a0\u00bb title=\u00a0\u00bbCat\u00e9gorie C\u00a0\u00bb tab_id=\u00a0\u00bb1527841722587-2dd3bba0-fe92&Prime;][vc_column_text css_animation=\u00a0\u00bbflipInX\u00a0\u00bb]Titulaire : TRIPODI Thierry Suppl\u00e9ante : CUNTZ Karine[\/vc_column_text][\/vc_tta_section][\/vc_tta_tour][\/vc_column][\/vc_row]<\/p>\n","protected":false},"author":2,"featured_media":0,"parent":0,"menu_order":0,"comment_status":"closed","ping_status":"closed","template":"","meta":{"footnotes":""},"_links":{"self":[{"href":"https:\/\/www.cgtcd06.fr\/index.php?rest_route=\/wp\/v2\/pages\/262"}],"collection":[{"href":"https:\/\/www.cgtcd06.fr\/index.php?rest_route=\/wp\/v2\/pages"}],"about":[{"href":"https:\/\/www.cgtcd06.fr\/index.php?rest_route=\/wp\/v2\/types\/page"}],"author":[{"embeddable":true,"href":"https:\/\/www.cgtcd06.fr\/index.php?rest_route=\/wp\/v2\/users\/2"}],"replies":[{"embeddable":true,"href":"https:\/\/www.cgtcd06.fr\/index.php?rest_route=%2Fwp%2Fv2%2Fcomments&post=262"}],"version-history":[{"count":11,"href":"https:\/\/www.cgtcd06.fr\/index.php?rest_route=\/wp\/v2\/pages\/262\/revisions"}],"predecessor-version":[{"id":1360,"href":"https:\/\/www.cgtcd06.fr\/index.php?rest_route=\/wp\/v2\/pages\/262\/revisions\/1360"}],"wp:attachment":[{"href":"https:\/\/www.cgtcd06.fr\/index.php?rest_route=%2Fwp%2Fv2%2Fmedia&parent=262"}],"curies":[{"name":"wp","href":"https:\/\/api.w.org\/{rel}","templated":true}]}}